 - 6. Let x = 1 + 1. Let m be a(x). Suppose m = 2*u - 91 - 3. Calculate the highest common divisor of 235 and u.
47
Let n = -132 - -149. Suppose n*c = 12*c + 195. Calculate the greatest common divisor of c and 26.
13
Let j be 937 - -12 - (-3 + -2). Let f = j - 909. What is the highest common factor of 225 and f?
45
Suppose -3*y = 0, 5*l + 29 = 4*l - 3*y. Let c = 35 + l. Let o = -98 + 102. Calculate the greatest common factor of c and o.
2
Suppose -4*p + 2*d = -2038, 2*p = -0*p + 5*d + 999. Suppose -3*a + 2064 = i, p - 1888 = -2*a - 4*i. Calculate the greatest common divisor of a and 32.
16
Let m(d) = d + 12. Let t be m(13). Suppose -5*k = -10, t = -x + 5*k - 15. Let n = x + 35. What is the greatest common divisor of 25 and n?
5
Suppose -9*k + 17*k = 128. Suppose k*n = 6*n + 10. Let v = 30 - 21. What is the highest common divisor of n and v?
1
Let j = 14017 + -13857. Calculate the highest common factor of 25 and j.
5
Let d(c) be the second derivative of -c**3/6 + 9*c**2/2 - 49*c + 2. Let v be d(5). Calculate the highest common factor of 8 and v.
4
Suppose 49*r + 81*r + 594 = 148*r. Let m = -1109 + 1868. Calculate the greatest common factor of r and m.
33
Let z(g) = -269*g + 25. Let f be z(0). Let n = -29 + 44. Calculate the greatest common divisor of f and n.
5
Suppose -28*a = -4*a - 9504. What is the highest common divisor of a and 42?
6
Suppose -4*h - 2*r = -180, 5*r = -0*h + 2*h - 78. Suppose 48*p - 684 = h*p. What is the highest common factor of 19 and p?
19
Let f(m) = 2*m**2 - 27*m + 89. Let r be f(11). Calculate the highest common factor of r and 1598.
34
Suppose -3*j - 479 = -5*j - g, -933 = -4*j + 3*g. What is the greatest common factor of 1580 and j?
79
Let l be (34/(-6))/(19/(-3534)). Calculate the greatest common divisor of 682 and l.
62
Let k be 946/6 - (5 - (-64)/(-12)). Let d = k - 142. Calculate the highest common factor of d and 144.
16
Let w = 94 + -77. Let s be 102/w*(1/(-2) + 1). Suppose 11*r - s*r = 328. Calculate the highest common divisor of 123 and r.
41
Suppose 4825 = g + 2*o, -71*g + 68*g - o = -14440. Calculate the greatest common factor of g and 17.
17
Suppose -5*m + 33249 = -228*g + 230*g, 3*m + 2*g = 19951. Calculate the highest common factor of 61 and m.
61
Let f be ((-16)/10 + (-36)/(-60))*0. Let d be 2 + (39 - f)*3. Calculate the highest common factor of d and 7.
7
Suppose q - 3*d = 4, 2*q + 9 - 17 = -3*d. Suppose -q = 5*w + 16, 4*u - 20 = -5*w. What is the greatest common divisor of 410 and u?
10
Let y be (3/(-6) + 1)*160. Let d be (5 - 3)*(-51)/6. Let l = 27 + d. Calculate the highest common factor of l and y.
10
Suppose -5*t - 12*t + 544 = 0. Let g(z) = 11*z - 14. Let n be g(10). What is the highest common divisor of n and t?
32
Let r be (-2)/(-5) + 1*(-192)/(-20). Let y be r*((-3)/9 - 1/15). Let l be -12*(32/y)/4. Calculate the highest common divisor of 8 and l.
8
Let b(p) be the second derivative of 14*p**4/3 - 2*p**3 + 11*p**2/2 - 205*p. Let g be b(1). Calculate the greatest common factor of g and 440.
55
Let j = 2626 + -2278. What is the highest common factor of j and 132?
12
Let w(x) = -x**3 - 3*x**2 - x + 492. Suppose -3*u = -7*b + 3*b + 12, 0 = -2*b + 6. Let a be w(u). What is the highest common factor of 24 and a?
12
Suppose 4*p - 460 = 728. Suppose 0 = 6*q - p - 39. Calculate the highest common factor of q and 84.
28
Let y(q) = 78*q + 44. Let r be y(24). What is the greatest common factor of r and 2?
2
Let j = 520 - 510. Suppose u - 2*k = j, 2*k = 5*u - 0*k - 58. What is the greatest common factor of u and 56?
4
Let i = -3832 + 4136. What is the greatest common factor of i and 2204?
76
Suppose 6*a = -5*a + 44. Suppose -13*t = -9*t + a. Let k be 419 - t/(2 + -3). Calculate the greatest common factor of 38 and k.
38
Let o(q) = 19*q. Let p(a) = -19*a - 1. Let b(h) = 4*o(h) + 5*p(h). Let y be b(-1). Calculate the greatest common factor of 224 and y.
14
Suppose 2*l - 10340 = -35*m + 32*m, 0 = 8*m. Calculate the greatest common factor of l and 88.
22
Let s = 320 - 200. Let q = 35 + -8. Let g(m) = 7*m - 165. Let c be g(q). Calculate the greatest common factor of c and s.
24
Let a = -15 + 33. Suppose 28 = -7*r + 42. Suppose -h + 90 = 5*i, -4*h = r*i - 0*i - 36. Calculate the highest common divisor of a and i.
18
Let l = 918 - 453. What is the greatest common divisor of l and 93?
93
Suppose -3*k = 3*a - 1495 + 379, -k = -4*a + 1473. Let v(z) = -40*z + 1. Let m be v(-1). Calculate the highest common divisor of m and a.
41
Suppose -5*s + 7*s = 2. Let m(h) = 40*h**3 + 208*h**3 - h**2 + 18*h**3. Let y be m(s). What is the greatest common factor of y and 106?
53
Let q be (2 + 34)/12 + 1/(1/6). Suppose -5*u + 230 = 4*v - 83, -5*u = -4*v + 263. What is the highest common factor of v and q?
9
Suppose 528*m - 672 = 526*m - 3*c, -5*m + 1680 = 3*c. What is the greatest common factor of 686 and m?
14
Suppose -60*a = 225 - 1545. Calculate the highest common divisor of 495 and a.
11
Let u = 73 - 83. Let v be 1/(-10)*-858 - (-8)/u. Let n(c) = -c**3 + c**2 + c + 1. Let x be n(-3). What is the greatest common divisor of v and x?
17
Suppose -4*k = -6*k + k. Suppose -24 = -2*c + 2*w, k*w + 2*w - 40 = -2*c. Let p be 4 - (-14 - -3 - 1). Calculate the greatest common divisor of c and p.
16
Let k(z) = -1617*z - 2608. Let a be k(-12). What is the highest common factor of a and 156?
52
Let j be (0 + 4)*105/6*-8. Let s be ((-23)/5 + 1)/(12/j). Calculate the greatest common factor of s and 21.
21
Let w(r) = -r**3 + 15*r**2 + 56*r + 10. Let k be w(18). Suppose 0 = -5*i + 301 - k. What is the greatest common divisor of i and 204?
51
Let f be 2/(-6) - (-163)/3. Let r = f + -52. Suppose -3*z + 51 = -3*a, 0 = -5*z - 2*a + 3*a + 105. Calculate the highest common divisor of r and z.
2
Let r be (-1 - 2)*(-7)/(2 + -1). Suppose 124 + 2 = 3*d. What is the highest common factor of d and r?
21
Let i(x) = 283*x**2 - 117*x + 18. Let s be i(-7). Calculate the highest common divisor of s and 8.
8
Suppose 0 = -3*w + 2241 - 408. Let m = 15198 - 15151. Calculate the greatest common divisor of m and w.
47
Let q = -9 - -5. Let h(l) = 2*l - 14. Let t(p) = -8*p + 37. Let n(f) = 3*h(f) + t(f). Let u be n(q). Calculate the greatest common factor of 24 and u.
3
Let p be (-3)/2 + (1 - 56/(-16)). Suppose 8 = -p*t + 104. Suppose 2*j - z = t, -5*j + 82 = -4*z + 2*z. What is the highest common divisor of j and 18?
18
Suppose 48*f + 135 = l + 49*f, -4*l = 2*f - 530. Calculate the highest common divisor of 3926 and l.
26
Let u be 24/1*(-2)/(-4). Let z = 32692 - 32668. What is the greatest common divisor of u and z?
12
Let t be (18/15)/(1/5). Suppose 0 = -w - 3*r + 14, 2*w - r - 25 = -11. Let g be 10 - (w - 4 - 0). Calculate the greatest common divisor of t and g.
6
Let w be ((-32770)/1)/(-5) + 12. What is the highest common factor of w and 134?
134
Let g = 4857 - 4614. Calculate the greatest common divisor of g and 2106.
81
Let j(o) = 322*o**3 - 3*o**2 + 2*o + 1. Let d be j(1). Let x(q) = 2*q + 42. Let z be x(-7). Calculate the greatest common factor of d and z.
14
Let a = -450 - -516. Let j(p) = 107*p - 8. Let r be j(1). Calculate the greatest common divisor of a and r.
33
Let b = 3456 - 3298. Calculate the highest common divisor of 79 and b.
79
Let g = -324 - -342. Let n = -329 - -202. Let y = 35 - n. Calculate the highest common factor of y and g.
18
Let g be (-4)/(-1) - (-1650)/6. Let b = g - 237. What is the highest common divisor of 91 and b?
7
Suppose 8400 = -703*n + 763*n. What is the greatest common divisor of n and 160?
20
Suppose -176 - 170 = -c - 4*b, -4*c + 1370 = 2*b. Let x = -312 + c. What is the greatest common divisor of 60 and x?
30
Let t be 3132/46 - (4 + (-2790)/713). Calculate the highest common divisor of 1003 and t.
17
Suppose -660 - 376 = -14*t. Let u = t - -4. Calculate the greatest common factor of 195 and u.
39
Suppose -2*u - 5 = -115. Let j = -23 - -28. Suppose 10*n = j*n + u. What is the highest common divisor of n and 121?
11
Let v = -540 - -206. Let h = 622 + v. Calculate the highest common factor of h and 18.
18
Let z be (279/(-18))/((-1)/2). Suppose r = 15 + z. Suppose 3*u - 5 = -s + 18, -4*u - 92 = -4*s. Calculate the greatest common divisor of s and r.
23
Let n(z) = -3*z. Let w(b) = b**2 + 10*b + 2. Let q(x) = 17*n(x) + 6*w(x). Le